{"id":12356,"date":"2022-11-21T12:12:46","date_gmt":"2022-11-21T12:12:46","guid":{"rendered":"https:\/\/carllarsson.se\/shop\/?page_id=12356"},"modified":"2022-11-21T12:13:42","modified_gmt":"2022-11-21T12:13:42","slug":"cookiepolicy","status":"publish","type":"page","link":"https:\/\/carllarsson.se\/shop\/cookiepolicy\/","title":{"rendered":"Cookiepolicy"},"content":{"rendered":"\t\t<div data-elementor-type=\"wp-page\" data-elementor-id=\"12356\" class=\"elementor elementor-12356\" data-elementor-post-type=\"page\">\n\t\t\t\t\t\t<section class=\"elementor-section elementor-top-section elementor-element elementor-element-f2433a3 elementor-section-boxed elementor-section-height-default elementor-section-height-default\" data-id=\"f2433a3\" data-element_type=\"section\">\n\t\t\t\t\t\t<div class=\"elementor-container elementor-column-gap-default\">\n\t\t\t\t\t<div class=\"elementor-column elementor-col-100 elementor-top-column elementor-element elementor-element-6b1b47c\" data-id=\"6b1b47c\" data-element_type=\"column\">\n\t\t\t<div class=\"elementor-widget-wrap elementor-element-populated\">\n\t\t\t\t\n\t\t<div class=\"elementor-element elementor-element-d22aebb elementor-widget elementor-widget-text-editor\" data-id=\"d22aebb\" data-element_type=\"widget\" data-widget_type=\"text-editor.default\">\n\t\t\t\t<div class=\"elementor-widget-container\">\n\t\t\t\t\t\t\t<p>N\u00e4r du anv\u00e4nder carllarsson.se\/shop kan information sparas p\u00e5 din dator som en \u201ccookie\u201d. En cookie \u00e4r en liten textfil som sparas p\u00e5 din h\u00e5rddisk.<\/p><h3>STATISTIK<u><\/u><u><\/u><\/h3><p>Vi anv\u00e4nder cookies fr\u00e5n tredje part f\u00f6r att sp\u00e5ra hur du anv\u00e4nder v\u00e5r hemsida, f\u00f6r att till exempel kunna se vilka sidor du bes\u00f6ker och hur l\u00e4nge du \u00e4r p\u00e5 varje sida. Det hj\u00e4lper oss att f\u00e5 en b\u00e4ttre f\u00f6rst\u00e5else av hur folk anv\u00e4nder v\u00e5r hemsida och hur de kommer in p\u00e5 den, vilket i sin tur hj\u00e4lper oss att skapa en b\u00e4ttre upplevelse p\u00e5 hemsidan.<u><\/u><u><\/u><\/p><p>Om du \u00f6nskar att avst\u00e5 fr\u00e5n att cookies anv\u00e4nds s\u00e5 st\u00e4nger du av det i din webbl\u00e4sares s\u00e4kerhetsinst\u00e4llningar. Tillv\u00e4gag\u00e5ngss\u00e4ttet varierar beroende p\u00e5 vilken webbl\u00e4sare du har. Det inneb\u00e4r dock att funktionaliteten p\u00e5 webbplatsen begr\u00e4nsas.<br \/>L\u00e4s mer om cookies p\u00e5 Post och Telestyrelsens webbplats<span class=\"m_-2121492345994476663apple-converted-space\">\u00a0<\/span><a href=\"https:\/\/www.pts.se\/\" target=\"_blank\" rel=\"noopener\" data-saferedirecturl=\"https:\/\/www.google.com\/url?q=https:\/\/www.pts.se\/&amp;source=gmail&amp;ust=1669118121894000&amp;usg=AOvVaw0L7hH0lYVzag9ee5iTWnEj\">https:\/\/www.pts.se\/<\/a><\/p>\t\t\t\t\t\t<\/div>\n\t\t\t\t<\/div>\n\t\t\t\t\t<\/div>\n\t\t<\/div>\n\t\t\t\t\t<\/div>\n\t\t<\/section>\n\t\t\t\t<\/div>\n\t\t","protected":false},"excerpt":{"rendered":"<p>N\u00e4r du anv\u00e4nder carllarsson.se\/shop kan information sparas p\u00e5 din dator som en \u201ccookie\u201d. En cookie \u00e4r en liten textfil som sparas p\u00e5 din h\u00e5rddisk. STATISTIK Vi anv\u00e4nder cookies fr\u00e5n tredje part f\u00f6r att sp\u00e5ra hur du anv\u00e4nder v\u00e5r hemsida, f\u00f6r att till exempel kunna se vilka sidor du bes\u00f6ker och hur l\u00e4nge du \u00e4r p\u00e5 [&hellip;]<\/p>\n","protected":false},"author":1,"featured_media":0,"parent":0,"menu_order":0,"comment_status":"closed","ping_status":"closed","template":"","meta":{"inline_featured_image":false,"footnotes":""},"class_list":["post-12356","page","type-page","status-publish","hentry"],"_links":{"self":[{"href":"https:\/\/carllarsson.se\/shop\/wp-json\/wp\/v2\/pages\/12356","targetHints":{"allow":["GET"]}}],"collection":[{"href":"https:\/\/carllarsson.se\/shop\/wp-json\/wp\/v2\/pages"}],"about":[{"href":"https:\/\/carllarsson.se\/shop\/wp-json\/wp\/v2\/types\/page"}],"author":[{"embeddable":true,"href":"https:\/\/carllarsson.se\/shop\/wp-json\/wp\/v2\/users\/1"}],"replies":[{"embeddable":true,"href":"https:\/\/carllarsson.se\/shop\/wp-json\/wp\/v2\/comments?post=12356"}],"version-history":[{"count":0,"href":"https:\/\/carllarsson.se\/shop\/wp-json\/wp\/v2\/pages\/12356\/revisions"}],"wp:attachment":[{"href":"https:\/\/carllarsson.se\/shop\/wp-json\/wp\/v2\/media?parent=12356"}],"curies":[{"name":"wp","href":"https:\/\/api.w.org\/{rel}","templated":true}]}}