{"id":10022,"date":"2022-01-21T14:54:09","date_gmt":"2022-01-21T14:54:09","guid":{"rendered":"https:\/\/dev.norkay.se\/clgshop\/product\/linoljefarg-carl\/"},"modified":"2026-05-01T15:50:59","modified_gmt":"2026-05-01T15:50:59","slug":"linoljefarg-carl","status":"publish","type":"product","link":"https:\/\/carllarsson.se\/shop\/product\/linoljefarg-carl\/","title":{"rendered":"Linoljef\u00e4rg 0,5 liter"},"content":{"rendered":"<p>Linoljef\u00e4rger speciellt framtagna f\u00f6r Carl Larsson-g\u00e5rden<br \/>\nutifr\u00e5n de f\u00e4rger som finns i huset p\u00e5 Lilla Hyttn\u00e4s.<br \/>\nF\u00e4rger och nyanser som Carl och Karin anv\u00e4nde sig av<br \/>\nn\u00e4r de inredde sitt hem.<\/p>\n","protected":false},"excerpt":{"rendered":"<p>Linoljef\u00e4rger speciellt framtagna f\u00f6r Carl Larsson-g\u00e5rden utifr\u00e5n de f\u00e4rger som finns i huset p\u00e5 Lilla Hyttn\u00e4s. F\u00e4rger och nyanser som Carl och Karin anv\u00e4nde sig av n\u00e4r de inredde sitt hem.<\/p>\n","protected":false},"featured_media":11101,"template":"","meta":{"inline_featured_image":false},"product_cat":[160],"product_tag":[420],"class_list":{"0":"post-10022","1":"product","2":"type-product","3":"status-publish","4":"has-post-thumbnail","6":"product_cat-linoljefarger","7":"product_tag-linoljefarg","9":"first","10":"instock","11":"taxable","12":"shipping-taxable","13":"purchasable","14":"product-type-variable","15":"has-default-attributes"},"_links":{"self":[{"href":"https:\/\/carllarsson.se\/shop\/wp-json\/wp\/v2\/product\/10022","targetHints":{"allow":["GET"]}}],"collection":[{"href":"https:\/\/carllarsson.se\/shop\/wp-json\/wp\/v2\/product"}],"about":[{"href":"https:\/\/carllarsson.se\/shop\/wp-json\/wp\/v2\/types\/product"}],"wp:featuredmedia":[{"embeddable":true,"href":"https:\/\/carllarsson.se\/shop\/wp-json\/wp\/v2\/media\/11101"}],"wp:attachment":[{"href":"https:\/\/carllarsson.se\/shop\/wp-json\/wp\/v2\/media?parent=10022"}],"wp:term":[{"taxonomy":"product_cat","embeddable":true,"href":"https:\/\/carllarsson.se\/shop\/wp-json\/wp\/v2\/product_cat?post=10022"},{"taxonomy":"product_tag","embeddable":true,"href":"https:\/\/carllarsson.se\/shop\/wp-json\/wp\/v2\/product_tag?post=10022"}],"curies":[{"name":"wp","href":"https:\/\/api.w.org\/{rel}","templated":true}]}}