{"id":10035,"date":"2022-01-21T14:54:10","date_gmt":"2022-01-21T14:54:10","guid":{"rendered":"https:\/\/dev.norkay.se\/clgshop\/product\/linoljefarg-carl-2\/"},"modified":"2026-04-17T16:40:57","modified_gmt":"2026-04-17T16:40:57","slug":"linoljefarg-carl-2","status":"publish","type":"product","link":"https:\/\/carllarsson.se\/shop\/product\/linoljefarg-carl-2\/","title":{"rendered":"Linoljef\u00e4rg 0,1 liter"},"content":{"rendered":"<p>Linoljef\u00e4rger speciellt framtagna f\u00f6r Carl Larsson-g\u00e5rden utifr\u00e5n de f\u00e4rger som finns i huset p\u00e5 Lilla Hyttn\u00e4s.<br \/>\nF\u00e4rger och nyanser som Carl och Karin anv\u00e4nde sig av n\u00e4r de inredde sitt hem.<\/p>\n","protected":false},"excerpt":{"rendered":"<p>0,1 liter<\/p>\n","protected":false},"featured_media":11364,"template":"","meta":{"inline_featured_image":false},"product_cat":[160],"product_tag":[412,420],"class_list":{"0":"post-10035","1":"product","2":"type-product","3":"status-publish","4":"has-post-thumbnail","6":"product_cat-linoljefarger","7":"product_tag-jul","8":"product_tag-linoljefarg","10":"first","11":"instock","12":"taxable","13":"shipping-taxable","14":"purchasable","15":"product-type-variable","16":"has-default-attributes"},"_links":{"self":[{"href":"https:\/\/carllarsson.se\/shop\/wp-json\/wp\/v2\/product\/10035","targetHints":{"allow":["GET"]}}],"collection":[{"href":"https:\/\/carllarsson.se\/shop\/wp-json\/wp\/v2\/product"}],"about":[{"href":"https:\/\/carllarsson.se\/shop\/wp-json\/wp\/v2\/types\/product"}],"wp:featuredmedia":[{"embeddable":true,"href":"https:\/\/carllarsson.se\/shop\/wp-json\/wp\/v2\/media\/11364"}],"wp:attachment":[{"href":"https:\/\/carllarsson.se\/shop\/wp-json\/wp\/v2\/media?parent=10035"}],"wp:term":[{"taxonomy":"product_cat","embeddable":true,"href":"https:\/\/carllarsson.se\/shop\/wp-json\/wp\/v2\/product_cat?post=10035"},{"taxonomy":"product_tag","embeddable":true,"href":"https:\/\/carllarsson.se\/shop\/wp-json\/wp\/v2\/product_tag?post=10035"}],"curies":[{"name":"wp","href":"https:\/\/api.w.org\/{rel}","templated":true}]}}