{"id":10062,"date":"2026-05-15T08:10:35","date_gmt":"2021-11-08T13:49:39","guid":{"rendered":"https:\/\/dev.norkay.se\/clgshop\/product\/spelkort-lisbeth-med-pioner\/"},"modified":"2026-05-15T08:10:35","modified_gmt":"2026-05-15T08:10:35","slug":"spelkort-lisbeth-med-pioner","status":"publish","type":"product","link":"https:\/\/carllarsson.se\/shop\/product\/spelkort-lisbeth-med-pioner\/","title":{"rendered":"Spelkort \u2013 Lisbeth med pioner"},"content":{"rendered":"<p>Kortlek med svenska kl\u00e4dda kort.<br \/>\nMotiv Carl Larssons m\u00e5lning Lisbeth med pioner, 1908.<\/p>\n<p>Den 17 \u00e5r gamla Lisbeth st\u00e5r h\u00e4r i Lilla Hyttn\u00e4s tr\u00e4dg\u00e5rd i Sundborn. Bakom henne ses de stora f\u00f6nstren, som h\u00f6r till Verkstaden, det f\u00f6rsta rum Larssons l\u00e4t bygga till sin stuga i Sundborn. I f\u00f6rgrunden en pionplanta, som inramar Lisbeths gestalt nertill med sina fem stora rosa blommor.<\/p>\n","protected":false},"excerpt":{"rendered":"<p>Kortlek med svenska kl\u00e4dda kort. Motiv Carl Larssons m\u00e5lning Lisbeth med pioner<\/p>\n","protected":false},"featured_media":10797,"template":"","meta":{"inline_featured_image":false},"product_cat":[153],"product_tag":[412],"class_list":{"0":"post-10062","1":"product","2":"type-product","3":"status-publish","4":"has-post-thumbnail","6":"product_cat-pussel-och-kortlekar","7":"product_tag-jul","9":"first","10":"instock","11":"taxable","12":"shipping-taxable","13":"purchasable","14":"product-type-simple"},"_links":{"self":[{"href":"https:\/\/carllarsson.se\/shop\/wp-json\/wp\/v2\/product\/10062","targetHints":{"allow":["GET"]}}],"collection":[{"href":"https:\/\/carllarsson.se\/shop\/wp-json\/wp\/v2\/product"}],"about":[{"href":"https:\/\/carllarsson.se\/shop\/wp-json\/wp\/v2\/types\/product"}],"wp:featuredmedia":[{"embeddable":true,"href":"https:\/\/carllarsson.se\/shop\/wp-json\/wp\/v2\/media\/10797"}],"wp:attachment":[{"href":"https:\/\/carllarsson.se\/shop\/wp-json\/wp\/v2\/media?parent=10062"}],"wp:term":[{"taxonomy":"product_cat","embeddable":true,"href":"https:\/\/carllarsson.se\/shop\/wp-json\/wp\/v2\/product_cat?post=10062"},{"taxonomy":"product_tag","embeddable":true,"href":"https:\/\/carllarsson.se\/shop\/wp-json\/wp\/v2\/product_tag?post=10062"}],"curies":[{"name":"wp","href":"https:\/\/api.w.org\/{rel}","templated":true}]}}