{"id":12108,"date":"2026-05-10T18:45:14","date_gmt":"2022-10-27T07:21:57","guid":{"rendered":"https:\/\/carllarsson.se\/shop\/product\/bricka-vinet-2\/"},"modified":"2026-05-10T18:45:14","modified_gmt":"2026-05-10T18:45:14","slug":"bricka-vinet-2","status":"publish","type":"product","link":"https:\/\/carllarsson.se\/shop\/product\/bricka-vinet-2\/","title":{"rendered":"Bricka \u2013 Vinet"},"content":{"rendered":"<p>Svensktillverkad fan\u00e9rbricka i bj\u00f6rk.<br \/>\nMaskindiskbar. M\u00e5tt: 20&#215;27 cm.<\/p>\n<p>Reproduktion av Carl Larssons m\u00e5lning Vinet, akvarell 1884.<\/p>\n<p>Akvarellerna ink\u00f6ptes \u00e5r 1884 av Grosshandlare Herman Friedl\u00e4nder och \u00f6vergick \u00e5r 1920 med hans samling till Nationalmuseum.\u00a0<\/p>\n","protected":false},"excerpt":{"rendered":"<p>Svensktillverkad fan\u00e9rbricka i bj\u00f6rk. 20 x 27 cm<\/p>\n","protected":false},"featured_media":12165,"template":"","meta":{"inline_featured_image":false},"product_cat":[85],"product_tag":[423],"class_list":{"0":"post-12108","1":"product","2":"type-product","3":"status-publish","4":"has-post-thumbnail","6":"product_cat-brickor","7":"product_tag-brickor","9":"first","10":"instock","11":"taxable","12":"shipping-taxable","13":"purchasable","14":"product-type-simple"},"_links":{"self":[{"href":"https:\/\/carllarsson.se\/shop\/wp-json\/wp\/v2\/product\/12108","targetHints":{"allow":["GET"]}}],"collection":[{"href":"https:\/\/carllarsson.se\/shop\/wp-json\/wp\/v2\/product"}],"about":[{"href":"https:\/\/carllarsson.se\/shop\/wp-json\/wp\/v2\/types\/product"}],"wp:featuredmedia":[{"embeddable":true,"href":"https:\/\/carllarsson.se\/shop\/wp-json\/wp\/v2\/media\/12165"}],"wp:attachment":[{"href":"https:\/\/carllarsson.se\/shop\/wp-json\/wp\/v2\/media?parent=12108"}],"wp:term":[{"taxonomy":"product_cat","embeddable":true,"href":"https:\/\/carllarsson.se\/shop\/wp-json\/wp\/v2\/product_cat?post=12108"},{"taxonomy":"product_tag","embeddable":true,"href":"https:\/\/carllarsson.se\/shop\/wp-json\/wp\/v2\/product_tag?post=12108"}],"curies":[{"name":"wp","href":"https:\/\/api.w.org\/{rel}","templated":true}]}}