{"id":12244,"date":"2026-05-02T10:55:18","date_gmt":"2022-11-08T08:54:33","guid":{"rendered":"https:\/\/carllarsson.se\/shop\/product\/barnfilt-esbjorn\/"},"modified":"2026-05-02T10:55:18","modified_gmt":"2026-05-02T10:55:18","slug":"barnfilt-esbjorn","status":"publish","type":"product","link":"https:\/\/carllarsson.se\/shop\/product\/barnfilt-esbjorn\/","title":{"rendered":"Barnfilt Esbj\u00f6rn"},"content":{"rendered":"<p>En barnfilt i mjuk, ekologisk lammull \u00e4r den perfekta presenten till en nyf\u00f6dd eller till doppresent. Eftersom en ullfilt v\u00e4rmer \u00e4ven om den blir lite bl\u00f6t s\u00e5 passar filten lika bra utomhus i vagnen som inne p\u00e5 golvet eller i s\u00e4ngen.<\/p>\n<p>Barnfilten Esbj\u00f6rn \u00e4r en hyllning till Karin Larssons formgivning och textilier i hemmet i Sundborn. Broderade kuddar och dukar, v\u00e4vnader och inredningens f\u00e4rgs\u00e4ttning har inspirerat till de olika m\u00f6nsterb\u00e5rderna.<\/p>\n<p>Filten \u00e4r framtagen i samarbete med Kerstin Landstr\u00f6m och Carl Larssong\u00e5rden. <\/p>\n<p>100 % OEKO\u2013TEX\u00ae-certifierad lammull<br \/>\nStorlek 65 x 95 cm<\/p>\n<p>OEKO\u2013TEX\u00ae certifiering inneb\u00e4r att produkten uppfyller h\u00f6ga humanekologiska krav, d.v.s. inte inneh\u00e5ller kemikalier i halter som \u00e4r h\u00e4lsoskadliga. OEKO\u2013TEX\u00ae \u00e4r den mest k\u00e4nda och v\u00e4rldens ledande m\u00e4rkning f\u00f6r textilier, tillbeh\u00f6r och produkter som provats med avseende p\u00e5 dessa krav.<\/p>\n<p>SK\u00d6TSEL: Ull \u00e4r smutsavvisande och har en sj\u00e4lvreng\u00f6rande egenskap som g\u00f6r att man inte b\u00f6r tv\u00e4tta ullprodukter f\u00f6r ofta eller i on\u00f6dan. Ull m\u00e5r bra av att v\u00e4dras ofta, g\u00e4rna i fuktigt v\u00e4der. Filtarna kan tv\u00e4ttas med ulltv\u00e4ttmedel f\u00f6r hand eller p\u00e5 ullprogram i maskin 30 grader. Krama filten halvtorr eller centrifugera kort, str\u00e4ck filten och torka den sedan luftigt.<\/p>\n","protected":false},"excerpt":{"rendered":"<p>En hyllning till Karin Larssons formgivning och textilier i hemmet i Sundborn. <\/p>\n","protected":false},"featured_media":12250,"template":"","meta":{"inline_featured_image":false},"product_cat":[256],"product_tag":[415,412],"class_list":{"0":"post-12244","1":"product","2":"type-product","3":"status-publish","4":"has-post-thumbnail","6":"product_cat-filtar","7":"product_tag-1advent","8":"product_tag-jul","10":"first","11":"instock","12":"taxable","13":"shipping-taxable","14":"purchasable","15":"product-type-simple"},"_links":{"self":[{"href":"https:\/\/carllarsson.se\/shop\/wp-json\/wp\/v2\/product\/12244","targetHints":{"allow":["GET"]}}],"collection":[{"href":"https:\/\/carllarsson.se\/shop\/wp-json\/wp\/v2\/product"}],"about":[{"href":"https:\/\/carllarsson.se\/shop\/wp-json\/wp\/v2\/types\/product"}],"wp:featuredmedia":[{"embeddable":true,"href":"https:\/\/carllarsson.se\/shop\/wp-json\/wp\/v2\/media\/12250"}],"wp:attachment":[{"href":"https:\/\/carllarsson.se\/shop\/wp-json\/wp\/v2\/media?parent=12244"}],"wp:term":[{"taxonomy":"product_cat","embeddable":true,"href":"https:\/\/carllarsson.se\/shop\/wp-json\/wp\/v2\/product_cat?post=12244"},{"taxonomy":"product_tag","embeddable":true,"href":"https:\/\/carllarsson.se\/shop\/wp-json\/wp\/v2\/product_tag?post=12244"}],"curies":[{"name":"wp","href":"https:\/\/api.w.org\/{rel}","templated":true}]}}

Barnfilt Esbjörn

<p>En barnfilt i mjuk, ekologisk lammull är den perfekta presenten till en nyfödd eller till doppresent. Eftersom en ullfilt värmer även om den blir lite blöt så passar filten lika bra utomhus i vagnen som inne på golvet eller i sängen.</p>
<p>Barnfilten Esbjörn är en hyllning till Karin Larssons formgivning och textilier i hemmet i Sundborn. Broderade kuddar och dukar, vävnader och inredningens färgsättning har inspirerat till de olika mönsterbårderna.</p>
<p>Filten är framtagen i samarbete med Kerstin Landström och Carl Larssongården. </p>
<p>100 % OEKO–TEX®-certifierad lammull<br />
Storlek 65 x 95 cm</p>
<p>OEKO–TEX® certifiering innebär att produkten uppfyller höga humanekologiska krav, d.v.s. inte innehåller kemikalier i halter som är hälsoskadliga. OEKO–TEX® är den mest kända och världens ledande märkning för textilier, tillbehör och produkter som provats med avseende på dessa krav.</p>
<p>SKÖTSEL: Ull är smutsavvisande och har en självrengörande egenskap som gör att man inte bör tvätta ullprodukter för ofta eller i onödan. Ull mår bra av att vädras ofta, gärna i fuktigt väder. Filtarna kan tvättas med ulltvättmedel för hand eller på ullprogram i maskin 30 grader. Krama filten halvtorr eller centrifugera kort, sträck filten och torka den sedan luftigt.</p>
