{"id":12365,"date":"2026-05-03T16:20:31","date_gmt":"2022-11-23T13:28:51","guid":{"rendered":"https:\/\/carllarsson.se\/shop\/product\/gunghast-rodorange\/"},"modified":"2026-05-03T16:20:31","modified_gmt":"2026-05-03T16:20:31","slug":"gunghast-rodorange","status":"publish","type":"product","link":"https:\/\/carllarsson.se\/shop\/product\/gunghast-rodorange\/","title":{"rendered":"Gungh\u00e4st r\u00f6d"},"content":{"rendered":"<p>Visste du att konstn\u00e4rsparet Carl och Karin Larsson fick \u00e5tta barn? <\/p>\n<p>Du kan d\u00e4rf\u00f6r hitta b\u00e5de leksaker och gungh\u00e4star i Carls ber\u00f6mda m\u00e5lningar. Denna gungh\u00e4st i tr\u00e4 har stadiga handtag och gungmedar med tippskydd f\u00f6r att barnen ska sitta s\u00e4kert. <\/p>\n<p>P\u00e5 sidan av medarna ser du ocks\u00e5 Carls Larssons handsignatur inbr\u00e4nt i tr\u00e4t. En klassisk men \u00e4nd\u00e5 modern gungh\u00e4st med m\u00e5nga kopplingar till Karins s\u00e4tt att designa. Modernistisk och rak fast med en twist. Benens fyrkantiga design och f\u00e4rgen \u00e4r inspirerad av hennes modernistiska gungstol. \u00c4ven m\u00e5nga av m\u00f6blerna i deras matsal har denna fantastiska r\u00f6d-orange nyans. \u00c4ven knytmetoden genom ett h\u00e5l som \u00e4r anv\u00e4nd f\u00f6r gungh\u00e4stens svans har inspirerats av hennes textilier fr\u00e5n deras hem i Dalarna. Karin satte n\u00e4mligen ofta fast pompoms och fransar p\u00e5 sina dukar p\u00e5 precis detta s\u00e4tt.<\/p>\n<p>Rek. \u00e5lder: 18 m\u00e5n<\/p>\n<p>Produktm\u00e5tt cm (LxBxH): 74 x 24 x 50<\/p>\n<p>Material:<br \/>\nGungh\u00e4st: Poppel.<br \/>\nSvans: Bomull.<\/p>\n<p>F\u00e4rgtyp: Vattenbaserad f\u00e4rg<\/p>\n<p>Sk\u00f6tsel:<br \/>\nReng\u00f6r med fuktig trasa. Torka torrt med en ren trasa. Kontrollera regelbundet att alla skruvar \u00e4r v\u00e4l \u00e5tdragna, samt att alla delar \u00e4r intakta.<\/p>\n","protected":false},"excerpt":{"rendered":"<p>Denna gungh\u00e4st i tr\u00e4 har stadiga handtag och gungmedar med tippskydd f\u00f6r att barnen ska sitta s\u00e4kert. P\u00e5 sidan av medarna ser du ocks\u00e5 Carls Larssons handsignatur inbr\u00e4nt i tr\u00e4t. <\/p>\n","protected":false},"featured_media":12407,"template":"","meta":{"inline_featured_image":false},"product_cat":[272],"product_tag":[],"class_list":{"0":"post-12365","1":"product","2":"type-product","3":"status-publish","4":"has-post-thumbnail","6":"product_cat-leksaker","8":"first","9":"instock","10":"taxable","11":"shipping-taxable","12":"purchasable","13":"product-type-simple"},"_links":{"self":[{"href":"https:\/\/carllarsson.se\/shop\/wp-json\/wp\/v2\/product\/12365","targetHints":{"allow":["GET"]}}],"collection":[{"href":"https:\/\/carllarsson.se\/shop\/wp-json\/wp\/v2\/product"}],"about":[{"href":"https:\/\/carllarsson.se\/shop\/wp-json\/wp\/v2\/types\/product"}],"wp:featuredmedia":[{"embeddable":true,"href":"https:\/\/carllarsson.se\/shop\/wp-json\/wp\/v2\/media\/12407"}],"wp:attachment":[{"href":"https:\/\/carllarsson.se\/shop\/wp-json\/wp\/v2\/media?parent=12365"}],"wp:term":[{"taxonomy":"product_cat","embeddable":true,"href":"https:\/\/carllarsson.se\/shop\/wp-json\/wp\/v2\/product_cat?post=12365"},{"taxonomy":"product_tag","embeddable":true,"href":"https:\/\/carllarsson.se\/shop\/wp-json\/wp\/v2\/product_tag?post=12365"}],"curies":[{"name":"wp","href":"https:\/\/api.w.org\/{rel}","templated":true}]}}