{"id":12842,"date":"2026-05-10T18:05:11","date_gmt":"2023-04-12T16:11:57","guid":{"rendered":"https:\/\/carllarsson.se\/shop\/product\/bricka-vikingatag-i-dalom-2\/"},"modified":"2026-05-10T18:05:11","modified_gmt":"2026-05-10T18:05:11","slug":"bricka-vikingatag-i-dalom-2","status":"publish","type":"product","link":"https:\/\/carllarsson.se\/shop\/product\/bricka-vikingatag-i-dalom-2\/","title":{"rendered":"Bricka \u2013 Vikingat\u00e5g i Dalom"},"content":{"rendered":"<p>Svensktillverkad fan\u00e9rbricka i bj\u00f6rk.<br \/>\nMaskindiskbar. M\u00e5tt: 20&#215;27 cm.<\/p>\n<p>Reproduktion av Carl Larssons m\u00e5lning\u00a0P\u00e5 vikingat\u00e5g i Dalom, akvarell 1900.<\/p>\n<p>H\u00e4r ses Carl och Karin Larssons alla barn samlade i en roddb\u00e5t ute p\u00e5 Sundborns\u00e5n strax utanf\u00f6r Lilla Hyttn\u00e4s tr\u00e4dg\u00e5rd. Det \u00e4r Ulf som ror, medan Pontus bl\u00e5ser i en n\u00e4verlur. Brita sitter sn\u00e4llt nere i ekan, medan Lisbeth st\u00e5r och \u00f6ser vatten, som l\u00e4ckt in i b\u00e5ten. Kersti k\u00e4nner p\u00e5 vattnet utanf\u00f6r ekan med sin ena hand och stora syster Suzanne sitter i aktern och h\u00e5ller minstingen Esbj\u00f6rn i sitt kn\u00e4. Svanholmen och Bullerholmen ses i bakgrunden &#8211; l\u00e4ngre bort \u00e4n dessa holmar i verkligheten \u00e4r.<\/p>\n","protected":false},"excerpt":{"rendered":"<p>Svensktillverkad fan\u00e9rbricka i bj\u00f6rk. 20 x 27 cm<\/p>\n","protected":false},"featured_media":13194,"template":"","meta":{"inline_featured_image":false},"product_cat":[85],"product_tag":[423],"class_list":{"0":"post-12842","1":"product","2":"type-product","3":"status-publish","4":"has-post-thumbnail","6":"product_cat-brickor","7":"product_tag-brickor","9":"first","10":"instock","11":"taxable","12":"shipping-taxable","13":"purchasable","14":"product-type-simple"},"_links":{"self":[{"href":"https:\/\/carllarsson.se\/shop\/wp-json\/wp\/v2\/product\/12842","targetHints":{"allow":["GET"]}}],"collection":[{"href":"https:\/\/carllarsson.se\/shop\/wp-json\/wp\/v2\/product"}],"about":[{"href":"https:\/\/carllarsson.se\/shop\/wp-json\/wp\/v2\/types\/product"}],"wp:featuredmedia":[{"embeddable":true,"href":"https:\/\/carllarsson.se\/shop\/wp-json\/wp\/v2\/media\/13194"}],"wp:attachment":[{"href":"https:\/\/carllarsson.se\/shop\/wp-json\/wp\/v2\/media?parent=12842"}],"wp:term":[{"taxonomy":"product_cat","embeddable":true,"href":"https:\/\/carllarsson.se\/shop\/wp-json\/wp\/v2\/product_cat?post=12842"},{"taxonomy":"product_tag","embeddable":true,"href":"https:\/\/carllarsson.se\/shop\/wp-json\/wp\/v2\/product_tag?post=12842"}],"curies":[{"name":"wp","href":"https:\/\/api.w.org\/{rel}","templated":true}]}}