{"id":13082,"date":"2026-05-05T18:15:53","date_gmt":"2023-05-05T12:05:19","guid":{"rendered":"https:\/\/carllarsson.se\/shop\/product\/kokshandduk-kraftfangst-svanefors\/"},"modified":"2026-05-05T18:15:53","modified_gmt":"2026-05-05T18:15:53","slug":"kokshandduk-kraftfangst-svanefors","status":"publish","type":"product","link":"https:\/\/carllarsson.se\/shop\/product\/kokshandduk-kraftfangst-svanefors\/","title":{"rendered":"K\u00f6kshandduk Kr\u00e4ftf\u00e5ngst Svanefors"},"content":{"rendered":"","protected":false},"excerpt":{"rendered":"","protected":false},"featured_media":13109,"template":"","meta":{"inline_featured_image":false},"product_cat":[69],"product_tag":[],"class_list":{"0":"post-13082","1":"product","2":"type-product","3":"status-publish","4":"has-post-thumbnail","6":"product_cat-textilier","8":"first","9":"instock","10":"taxable","11":"shipping-taxable","12":"purchasable","13":"product-type-simple"},"_links":{"self":[{"href":"https:\/\/carllarsson.se\/shop\/wp-json\/wp\/v2\/product\/13082","targetHints":{"allow":["GET"]}}],"collection":[{"href":"https:\/\/carllarsson.se\/shop\/wp-json\/wp\/v2\/product"}],"about":[{"href":"https:\/\/carllarsson.se\/shop\/wp-json\/wp\/v2\/types\/product"}],"wp:featuredmedia":[{"embeddable":true,"href":"https:\/\/carllarsson.se\/shop\/wp-json\/wp\/v2\/media\/13109"}],"wp:attachment":[{"href":"https:\/\/carllarsson.se\/shop\/wp-json\/wp\/v2\/media?parent=13082"}],"wp:term":[{"taxonomy":"product_cat","embeddable":true,"href":"https:\/\/carllarsson.se\/shop\/wp-json\/wp\/v2\/product_cat?post=13082"},{"taxonomy":"product_tag","embeddable":true,"href":"https:\/\/carllarsson.se\/shop\/wp-json\/wp\/v2\/product_tag?post=13082"}],"curies":[{"name":"wp","href":"https:\/\/api.w.org\/{rel}","templated":true}]}}