{"id":14541,"date":"2026-05-13T17:30:15","date_gmt":"2024-07-23T10:20:12","guid":{"rendered":"https:\/\/carllarsson.se\/shop\/product\/karin-bergoo-larsson-the-artist\/"},"modified":"2026-05-13T17:30:15","modified_gmt":"2026-05-13T17:30:15","slug":"karin-bergoo-larsson-the-artist-2","status":"publish","type":"product","link":"https:\/\/carllarsson.se\/shop\/product\/karin-bergoo-larsson-the-artist-2\/","title":{"rendered":"Karin Berg\u00f6\u00f6 Larsson The artist"},"content":{"rendered":"<p>Karin Berg\u00f6\u00f6 Larsson &#8211; The Artist<\/p>\n<p>Author Eva Sundstr\u00f6m<\/p>\n<p>Everyone knows Carl Larsson House in Sundborn, the world-famous artists\u2019 home in rural Sweden. Everyone knows who Carl Larsson was. Everyone has seen his wife, Karin, in his paintings. Many people know she had real talent and, like her husband, was a trained artist. Her textiles, so innovative<br \/>\nin their colour and design, have inspired awe and admiration. But very few have paused to think about what made her so innovative.<\/p>\n<p>In Karin Larsson the Artist a wealth of Karin\u2019s textiles, techniques, and sources of inspiration are described in all their vividly unique combinations. We can follow how Karin developed her art and her thinking on creativity, family life, home furnishings, and fashion. We can see her finding her inspiration and making it her own \u2013 and with the curiosity and open-mindedness that guided her all her life, from her youth in Stockholm and Paris in the 1870s and 1880s to the mature artist of the Sundborn years.<\/p>\n","protected":false},"excerpt":{"rendered":"<p>In Karin Larsson the Artist a wealth of Karin\u2019s textiles, techniques, and sources of inspiration are described in all their vividly unique combinations. We can follow how Karin developed her art and her thinking on creativity, family life, home furnishings, and fashion. <\/p>\n","protected":false},"featured_media":14555,"template":"","meta":{"inline_featured_image":false},"product_cat":[70],"product_tag":[],"class_list":{"0":"post-14541","1":"product","2":"type-product","3":"status-publish","4":"has-post-thumbnail","6":"product_cat-bocker","8":"first","9":"instock","10":"taxable","11":"shipping-taxable","12":"purchasable","13":"product-type-simple"},"_links":{"self":[{"href":"https:\/\/carllarsson.se\/shop\/wp-json\/wp\/v2\/product\/14541","targetHints":{"allow":["GET"]}}],"collection":[{"href":"https:\/\/carllarsson.se\/shop\/wp-json\/wp\/v2\/product"}],"about":[{"href":"https:\/\/carllarsson.se\/shop\/wp-json\/wp\/v2\/types\/product"}],"wp:featuredmedia":[{"embeddable":true,"href":"https:\/\/carllarsson.se\/shop\/wp-json\/wp\/v2\/media\/14555"}],"wp:attachment":[{"href":"https:\/\/carllarsson.se\/shop\/wp-json\/wp\/v2\/media?parent=14541"}],"wp:term":[{"taxonomy":"product_cat","embeddable":true,"href":"https:\/\/carllarsson.se\/shop\/wp-json\/wp\/v2\/product_cat?post=14541"},{"taxonomy":"product_tag","embeddable":true,"href":"https:\/\/carllarsson.se\/shop\/wp-json\/wp\/v2\/product_tag?post=14541"}],"curies":[{"name":"wp","href":"https:\/\/api.w.org\/{rel}","templated":true}]}}