{"id":17430,"date":"2026-05-13T16:15:41","date_gmt":"2025-02-05T07:35:42","guid":{"rendered":"https:\/\/carllarsson.se\/shop\/product\/pussel-brita-en-katt-och-en-smorgas\/"},"modified":"2026-05-13T16:15:41","modified_gmt":"2026-05-13T16:15:41","slug":"pussel-1000-bitar-brita-en-katt-och-en-smorgas","status":"publish","type":"product","link":"https:\/\/carllarsson.se\/shop\/product\/pussel-1000-bitar-brita-en-katt-och-en-smorgas\/","title":{"rendered":"Pussel 1000 bitar. Brita, en katt och en sm\u00f6rg\u00e5s"},"content":{"rendered":"<p>Brita, en katt och en sm\u00f6rg\u00e5s. Akvarell, 1898.<\/p>\n<p>Det \u00e4r lilla Brita Larsson, som h\u00e4r st\u00e5r med en sm\u00f6rg\u00e5s i handen framf\u00f6r en stuga i Sundborns by.<\/p>\n","protected":false},"excerpt":{"rendered":"<p>Pussel Brita, en katt och en sm\u00f6rg\u00e5s. 1000 bitar<\/p>\n","protected":false},"featured_media":17388,"template":"","meta":{"inline_featured_image":false},"product_cat":[153],"product_tag":[],"class_list":{"0":"post-17430","1":"product","2":"type-product","3":"status-publish","4":"has-post-thumbnail","6":"product_cat-pussel-och-kortlekar","8":"first","9":"outofstock","10":"taxable","11":"shipping-taxable","12":"purchasable","13":"product-type-simple"},"_links":{"self":[{"href":"https:\/\/carllarsson.se\/shop\/wp-json\/wp\/v2\/product\/17430","targetHints":{"allow":["GET"]}}],"collection":[{"href":"https:\/\/carllarsson.se\/shop\/wp-json\/wp\/v2\/product"}],"about":[{"href":"https:\/\/carllarsson.se\/shop\/wp-json\/wp\/v2\/types\/product"}],"wp:featuredmedia":[{"embeddable":true,"href":"https:\/\/carllarsson.se\/shop\/wp-json\/wp\/v2\/media\/17388"}],"wp:attachment":[{"href":"https:\/\/carllarsson.se\/shop\/wp-json\/wp\/v2\/media?parent=17430"}],"wp:term":[{"taxonomy":"product_cat","embeddable":true,"href":"https:\/\/carllarsson.se\/shop\/wp-json\/wp\/v2\/product_cat?post=17430"},{"taxonomy":"product_tag","embeddable":true,"href":"https:\/\/carllarsson.se\/shop\/wp-json\/wp\/v2\/product_tag?post=17430"}],"curies":[{"name":"wp","href":"https:\/\/api.w.org\/{rel}","templated":true}]}}