{"id":9890,"date":"2026-05-13T17:30:40","date_gmt":"2021-11-08T13:49:19","guid":{"rendered":"https:\/\/dev.norkay.se\/clgshop\/product\/brita-en-katt-och-en-smorgas-reproduktion\/"},"modified":"2026-05-13T17:30:40","modified_gmt":"2026-05-13T17:30:40","slug":"brita-en-katt-och-en-smorgas-reproduktion","status":"publish","type":"product","link":"https:\/\/carllarsson.se\/shop\/product\/brita-en-katt-och-en-smorgas-reproduktion\/","title":{"rendered":"Brita. en katt och en sm\u00f6rg\u00e5s \u2013 Reproduktion"},"content":{"rendered":"<p>Carl m\u00e5lade akvarellen Brita, en katt och en sm\u00f6rg\u00e5s 1898. Brita Larsson st\u00e5r framf\u00f6r en stuga i Sundborn med en sm\u00f6rg\u00e5s i handen. Bredvid Brita leker en katt i gr\u00e4set. Brita var barn nummer fem i barnaskaran och f\u00f6ddes 1893 i Marstrand. Inget av barnen var f\u00f6r \u00f6vrigt f\u00f6dda i Sundborn. Suzanne f\u00f6ddes i Grez 1894, Ulf i G\u00f6teborg 1887, Pontus i Paris 1888, Lisbeth i Stockholm 1891, Mats i Stockholm 1894, Kersti i Stockholm 1896 och slutligen f\u00f6ddes Esbj\u00f6rn i Stockholm 1900. M\u00e5lningen Brita, en katt och en sm\u00f6rg\u00e5s tillh\u00f6r B\u00f6rjesonska Konstsamlingen, Green Hotel, i T\u00e4llberg.<\/p>\n<p>M\u00e5tt: 29,5&#215;44,5 cm<\/p>\n","protected":false},"excerpt":{"rendered":"<p>Reproduktion av Carl Larssons m\u00e5lning Brita, en katt och en sm\u00f6rg\u00e5s.<\/p>\n","protected":false},"featured_media":11159,"template":"","meta":{"inline_featured_image":false},"product_cat":[74],"product_tag":[],"class_list":{"0":"post-9890","1":"product","2":"type-product","3":"status-publish","4":"has-post-thumbnail","6":"product_cat-reproduktioner","8":"first","9":"instock","10":"taxable","11":"shipping-taxable","12":"purchasable","13":"product-type-simple"},"_links":{"self":[{"href":"https:\/\/carllarsson.se\/shop\/wp-json\/wp\/v2\/product\/9890","targetHints":{"allow":["GET"]}}],"collection":[{"href":"https:\/\/carllarsson.se\/shop\/wp-json\/wp\/v2\/product"}],"about":[{"href":"https:\/\/carllarsson.se\/shop\/wp-json\/wp\/v2\/types\/product"}],"wp:featuredmedia":[{"embeddable":true,"href":"https:\/\/carllarsson.se\/shop\/wp-json\/wp\/v2\/media\/11159"}],"wp:attachment":[{"href":"https:\/\/carllarsson.se\/shop\/wp-json\/wp\/v2\/media?parent=9890"}],"wp:term":[{"taxonomy":"product_cat","embeddable":true,"href":"https:\/\/carllarsson.se\/shop\/wp-json\/wp\/v2\/product_cat?post=9890"},{"taxonomy":"product_tag","embeddable":true,"href":"https:\/\/carllarsson.se\/shop\/wp-json\/wp\/v2\/product_tag?post=9890"}],"curies":[{"name":"wp","href":"https:\/\/api.w.org\/{rel}","templated":true}]}}