{"id":9896,"date":"2026-05-15T10:45:38","date_gmt":"2021-11-08T13:49:20","guid":{"rendered":"https:\/\/dev.norkay.se\/clgshop\/product\/farfar-reproduktion\/"},"modified":"2026-05-15T10:45:38","modified_gmt":"2026-05-15T10:45:38","slug":"farfar-reproduktion","status":"publish","type":"product","link":"https:\/\/carllarsson.se\/shop\/product\/farfar-reproduktion\/","title":{"rendered":"Farfar \u2013 Reproduktion"},"content":{"rendered":"<p>M\u00e5lningen Farfar i olja, m\u00e5lades \u00e5r 1909. Carl Larsson har h\u00e4r m\u00e5lat sin far bland de vackra blommorna utanf\u00f6r Kartbacken i Sundborn, den stuga Carl k\u00f6pte till sina f\u00f6r\u00e4ldrar 1897 och d\u00e4r de bodde resten av sina liv. Olof Larsson som Carls far hette, f\u00f6rflyttade sig med hj\u00e4lp av tv\u00e5 k\u00e4ppar efter en olycka som han r\u00e5kat ut f\u00f6r tidigare i livet. Carl f\u00f6ddes p\u00e5 Pr\u00e4stgatan i Gamla Stan i Stockholm och kom fr\u00e5n enkla f\u00f6rh\u00e5llanden. Carl beskriver sj\u00e4lv uppv\u00e4xten p\u00e5 Ladug\u00e5rdslandet i Stockholm s\u00e5 h\u00e4r i boken De Mina \u2013 gammalt kraft av Carl Larsson: \u201dNej aldrig var jag bland de lata, f\u00f6r hyran sopade jag g\u00e5rd och gata. I fattigskolan, d\u00e5 p\u00e5 Lag\u00e5rdslandet, jag ytterst tjockt och obehagligt fann det.\u201d. \u00c5r 1902 blev Olof \u00e4nkeman d\u00e5 makan Johanna Larsson avled och Olof dog 1910, ett \u00e5r efter att Carl m\u00e5lade denna m\u00e5lning.<\/p>\n<p>M\u00e5tt: 44&#215;29 cm.<\/p>\n","protected":false},"excerpt":{"rendered":"<p>Reproduktion av Carl Larssons m\u00e5lning Farfar.<\/p>\n","protected":false},"featured_media":11130,"template":"","meta":{"inline_featured_image":false},"product_cat":[74],"product_tag":[],"class_list":{"0":"post-9896","1":"product","2":"type-product","3":"status-publish","4":"has-post-thumbnail","6":"product_cat-reproduktioner","8":"first","9":"instock","10":"taxable","11":"shipping-taxable","12":"purchasable","13":"product-type-simple"},"_links":{"self":[{"href":"https:\/\/carllarsson.se\/shop\/wp-json\/wp\/v2\/product\/9896","targetHints":{"allow":["GET"]}}],"collection":[{"href":"https:\/\/carllarsson.se\/shop\/wp-json\/wp\/v2\/product"}],"about":[{"href":"https:\/\/carllarsson.se\/shop\/wp-json\/wp\/v2\/types\/product"}],"wp:featuredmedia":[{"embeddable":true,"href":"https:\/\/carllarsson.se\/shop\/wp-json\/wp\/v2\/media\/11130"}],"wp:attachment":[{"href":"https:\/\/carllarsson.se\/shop\/wp-json\/wp\/v2\/media?parent=9896"}],"wp:term":[{"taxonomy":"product_cat","embeddable":true,"href":"https:\/\/carllarsson.se\/shop\/wp-json\/wp\/v2\/product_cat?post=9896"},{"taxonomy":"product_tag","embeddable":true,"href":"https:\/\/carllarsson.se\/shop\/wp-json\/wp\/v2\/product_tag?post=9896"}],"curies":[{"name":"wp","href":"https:\/\/api.w.org\/{rel}","templated":true}]}}