{"id":9911,"date":"2026-05-05T16:10:46","date_gmt":"2021-11-08T13:49:22","guid":{"rendered":"https:\/\/dev.norkay.se\/clgshop\/product\/midvinterblot-reproduktion\/"},"modified":"2026-05-05T16:10:46","modified_gmt":"2026-05-05T16:10:46","slug":"midvinterblot-reproduktion","status":"publish","type":"product","link":"https:\/\/carllarsson.se\/shop\/product\/midvinterblot-reproduktion\/","title":{"rendered":"Midvinterblot \u2013 Reproduktion"},"content":{"rendered":"<p>Midvinterblot (ca 6,5&#215;13,5m) \u00e4r en monumentalm\u00e5lning p\u00e5 duk av Carl Larsson. Motivet Midvinterblot beskriver hur den hedniske kung Domalde l\u00e5ter sig offras efter \u00e5r av missv\u00e4xt. Efter m\u00e5nga turer blev m\u00e5lningen slutligen refuserad 1916, men sedan 1997 h\u00e4nger den dock d\u00e4r den ursprungligen var t\u00e4nkt att h\u00e4nga, i den \u00f6vre trapphallen p\u00e5 Nationalmuseum.<\/p>\n<p>Kung Domalde, som ocks\u00e5 blir Edlamod bakl\u00e4nges, st\u00e5r naken p\u00e5 den gyllene sl\u00e4den. \u00d6ver axeln h\u00e5ller han n\u00e5got som skulle kunna vara ett bj\u00f6rnskinnsf\u00e4ll. Carl Larsson m\u00e5lade om kungen flera g\u00e5nger efter modell av en brottare vid namn Rydberg. Carl beskriver sj\u00e4lv karakt\u00e4ren som \u201ddenna kungligt h\u00e4rliga, \u00e4dle och modiga, helt manliga gestalt\u201d.<\/p>\n<p>I sina memoarer, som publicerades efter Carls d\u00f6d, skrev han \u201dMidvinterblotets \u00f6de kn\u00e4ckte mig. Med dov vrede erk\u00e4nner jag detta. Och dock var det nog det b\u00e4sta d\u00e4r skedde, ty nu s\u00e4ger mig min intuition \u2013 igen! Att denna m\u00e5lning, med alla sina svagheter, skall en g\u00e5ng hedras med en vida b\u00e4ttre plats.\u201d<\/p>\n<p>\u201dNu ligger den hoprullad j\u00e4mte \u201dKorum\u201d p\u00e5 min garagevind, d\u00e4rur jag hoppas mina barn och barnbarn en dag skola taga fram den, och visa den f\u00f6r ett senare sl\u00e4kte svenskar. H\u00e4r skulle jag kunna draga fram en rad tarvligheter och futtigheter, dumheter och elakheter, men s\u00e5dant roar mig inte, och \u00e4r i grunden mig likgiltigt hur efterv\u00e4rlden bed\u00f6mer \u2013 den och mina vedersakare.\u201d<\/p>\n<p>M\u00e5tt: 26,5&#215;93 cm.<\/p>\n","protected":false},"excerpt":{"rendered":"<p>Reproduktion av Carl Larssons m\u00e5lning Midvinterblot.<\/p>\n","protected":false},"featured_media":11126,"template":"","meta":{"inline_featured_image":false},"product_cat":[74],"product_tag":[],"class_list":{"0":"post-9911","1":"product","2":"type-product","3":"status-publish","4":"has-post-thumbnail","6":"product_cat-reproduktioner","8":"first","9":"instock","10":"taxable","11":"shipping-taxable","12":"purchasable","13":"product-type-simple"},"_links":{"self":[{"href":"https:\/\/carllarsson.se\/shop\/wp-json\/wp\/v2\/product\/9911","targetHints":{"allow":["GET"]}}],"collection":[{"href":"https:\/\/carllarsson.se\/shop\/wp-json\/wp\/v2\/product"}],"about":[{"href":"https:\/\/carllarsson.se\/shop\/wp-json\/wp\/v2\/types\/product"}],"wp:featuredmedia":[{"embeddable":true,"href":"https:\/\/carllarsson.se\/shop\/wp-json\/wp\/v2\/media\/11126"}],"wp:attachment":[{"href":"https:\/\/carllarsson.se\/shop\/wp-json\/wp\/v2\/media?parent=9911"}],"wp:term":[{"taxonomy":"product_cat","embeddable":true,"href":"https:\/\/carllarsson.se\/shop\/wp-json\/wp\/v2\/product_cat?post=9911"},{"taxonomy":"product_tag","embeddable":true,"href":"https:\/\/carllarsson.se\/shop\/wp-json\/wp\/v2\/product_tag?post=9911"}],"curies":[{"name":"wp","href":"https:\/\/api.w.org\/{rel}","templated":true}]}}