{"id":9921,"date":"2026-04-19T19:50:40","date_gmt":"2021-11-08T13:49:23","guid":{"rendered":"https:\/\/dev.norkay.se\/clgshop\/product\/skamvran-reproduktion\/"},"modified":"2026-04-19T19:50:41","modified_gmt":"2026-04-19T19:50:41","slug":"skamvran-reproduktion","status":"publish","type":"product","link":"https:\/\/carllarsson.se\/shop\/product\/skamvran-reproduktion\/","title":{"rendered":"Skamvr\u00e5n \u2013 Reproduktion"},"content":{"rendered":"<p>Om denna akvarell fr\u00e5n 1894 skriver Carl Larsson i boken Ett Hem: \u201dUrbladet till hela serien \u00e4r den, d\u00e4r Pontus sitter i skamvr\u00e5 mellan den gamla kakelugnen och d\u00f6rren. Han hade varit fr\u00e4ck vid middagsbordet, och det blef pil in i f\u00f6rmaket, d\u00e4r han fick sitta och t\u00e4nka efter hur i alla afseenden of\u00f6rm\u00e5nligt det \u00e4r att uppf\u00f6ra sig illa. V\u00e4lsignad vare den stund s\u00e5 jag m\u00e5ste dit in f\u00f6r att h\u00e4mta min piptobak! Jag tyckte den sura pojken gjorde sig s\u00e5 bra mot den enkla bakgrunden att jag besl\u00f6t g\u00f6ra allvar af den l\u00e4nge n\u00e4rda afsikten att rita minnesbilder fr\u00e5n mitt lilla hem. Jag t\u00e4nkte det skulle blifva ett slags familjedokument, deponeradt hos de kommande caputarna. (N\u00e5, uppriktigt sagdt, var det egentligen Karins id\u00e9, och med utr\u00e4kning att f\u00e5 mig till n\u00e5got en sommar, d\u00e5 det regnade sexor, utan uppeh\u00e5ll, och jag gick omkring och var odr\u00e4glig).\u201d<\/p>\n<p>M\u00e5tt: 29&#215;43 cm<\/p>\n","protected":false},"excerpt":{"rendered":"<p>Reproduktion av Carl Larssons m\u00e5lning Skamvr\u00e5n.<\/p>\n","protected":false},"featured_media":11150,"template":"","meta":{"inline_featured_image":false},"product_cat":[74],"product_tag":[],"class_list":{"0":"post-9921","1":"product","2":"type-product","3":"status-publish","4":"has-post-thumbnail","6":"product_cat-reproduktioner","8":"first","9":"instock","10":"taxable","11":"shipping-taxable","12":"purchasable","13":"product-type-simple"},"_links":{"self":[{"href":"https:\/\/carllarsson.se\/shop\/wp-json\/wp\/v2\/product\/9921","targetHints":{"allow":["GET"]}}],"collection":[{"href":"https:\/\/carllarsson.se\/shop\/wp-json\/wp\/v2\/product"}],"about":[{"href":"https:\/\/carllarsson.se\/shop\/wp-json\/wp\/v2\/types\/product"}],"wp:featuredmedia":[{"embeddable":true,"href":"https:\/\/carllarsson.se\/shop\/wp-json\/wp\/v2\/media\/11150"}],"wp:attachment":[{"href":"https:\/\/carllarsson.se\/shop\/wp-json\/wp\/v2\/media?parent=9921"}],"wp:term":[{"taxonomy":"product_cat","embeddable":true,"href":"https:\/\/carllarsson.se\/shop\/wp-json\/wp\/v2\/product_cat?post=9921"},{"taxonomy":"product_tag","embeddable":true,"href":"https:\/\/carllarsson.se\/shop\/wp-json\/wp\/v2\/product_tag?post=9921"}],"curies":[{"name":"wp","href":"https:\/\/api.w.org\/{rel}","templated":true}]}}